y 836.
812
Calculate the remainder when 638 is divided by 39.
14
Calculate the remainder when 55646 is divided by 1693.
1470
Calculate the remainder when 16088 is divided by 343.
310
What is the remainder when 99764 is divided by 99752?
12
What is the remainder when 6324 is divided by 5688?
636
What is the remainder when 3813943 is divided by 38?
35
What is the remainder when 34773 is divided by 148?
141
Calculate the remainder when 19973 is divided by 85.
83
Calculate the remainder when 10582 is divided by 294.
292
What is the remainder when 63890 is divided by 31?
30
What is the remainder when 1794 is divided by 78?
0
Calculate the remainder when 95465 is divided by 363.
359
Calculate the remainder when 3687432 is divided by 9.
6
Calculate the remainder when 2117 is divided by 344.
53
Calculate the remainder when 12096 is divided by 52.
32
Calculate the remainder when 4501144 is divided by 169.
167
Calculate the remainder when 68305 is divided by 1242.
1237
What is the remainder when 15170 is divided by 132?
122
Calculate the remainder when 95338 is divided by 1361.
68
Calculate the remainder when 5211 is divided by 247.
24
Calculate the remainder when 101678 is divided by 54.
50
What is the remainder when 2782 is divided by 712?
646
What is the remainder when 73847 is divided by 144?
119
Calculate the remainder when 969 is divided by 161.
3
What is the remainder when 485471 is divided by 10?
1
Calculate the remainder when 158029 is divided by 83.
80
What is the remainder when 6980 is divided by 32?
4
Calculate the remainder when 1196 is divided by 201.
191
Calculate the remainder when 173672 is divided by 2631.
26
What is the remainder when 7927 is divided by 5?
2
Calculate the remainder when 129465 is divided by 42.
21
Calculate the remainder when 239699 is divided by 409.
25
Calculate the remainder when 9128 is divided by 72.
56
Calculate the remainder when 36965 is divided by 425.
415
What is the remainder when 7112 is divided by 211?
149
Calculate the remainder when 962 is divided by 450.
62
Calculate the remainder when 17964 is divided by 134.
8
Calculate the remainder when 9307 is divided by 2929.
520
Calculate the remainder when 8266 is divided by 8258.
8
What is the remainder when 27794 is divided by 816?
50
Calculate the remainder when 92803 is divided by 46386.
31
What is the remainder when 12670 is divided by 4204?
58
Calculate the remainder when 4402 is divided by 57.
13
Calculate the remainder when 7129 is divided by 819.
577
Calculate the remainder when 547882 is divided by 57.
55
Calculate the remainder when 29282 is divided by 282.
236
What is the remainder when 139 is divided by 91?
48
What is the remainder when 151113 is divided by 6?
3
Calculate the remainder when 2658 is divided by 20.
18
What is the remainder when 14420 is divided by 512?
84
What is the remainder when 13894 is divided by 111?
19
Calculate the remainder when 2381439 is divided by 26.
21
Calculate the remainder when 69793 is divided by 209.
196
What is the remainder when 10699 is divided by 73?
41
Calculate the remainder when 174163 is divided by 85.
83
Calculate the remainder when 3891 is divided by 926.
187
Calculate the remainder when 27504 is divided by 210.
204
Calculate the remainder when 2189 is divided by 533.
57
Calculate the remainder when 138881 is divided by 233.
13
What is the remainder when 131896 is divided by 26?
24
Calculate the remainder when 7437 is divided by 826.
3
Calculate the remainder when 52132 is divided by 86.
16
Calculate the remainder when 56733 is divided by 173.
162
Calculate the remainder when 7768 is divided by 1274.
124
What is the remainder when 7255 is divided by 1800?
55
Calculate the remainder when 38324 is divided by 57.
20
Calculate the remainder when 4808 is divided by 783.
110
What is the remainder when 45436 is divided by 1337?
1315
Calculate the remainder when 2850 is divided by 406.
8
What is the remainder when 385945 is divided by 21?
7
What is the remainder when 123077 is divided by 256?
197
What is the remainder when 23326 is divided by 402?
10
Calculate the remainder when 2497 is divided by 257.
184
What is the remainder when 1139 is divided by 154?
61
What is the remainder when 119723 is divided by 33?
32
What is the remainder when 862 is divided by 211?
18
What is the remainder when 388402 is divided by 18?
16
What is the remainder when 86029 is divided by 2325?
4
What is the remainder when 6640 is divided by 504?
88
Calculate the remainder when 35512 is divided by 508.
460
Calculate the remainder when 11423 is divided by 188.
143
What is the remainder when 4536 is divided by 23?
5
What is the remainder when 2301 is divided by 57?
21
What is the remainder when 561 is divided by 182?
15
What is the remainder when 22207 is divided by 271?
256
What is the remainder when 6411 is divided by 1214?
341
Calculate the remainder when 4282 is divided by 4239.
43
Calculate the remainder when 92733 is divided by 18536.
53
Calculate the remainder when 4808 is divided by 3.
2
What is the remainder when 30232 is divided by 911?
169
Calculate the remainder when 2207 is divided by 721.
44
Calculate the remainder when 125535 is divided by 343.
340
What is the remainder when 349847 is divided by 2257?
12
Calculate the remainder when 329783 is divided by 633.
623
Calculate the remainder when 3554999 is divided by 24.
23
Calculate the remainder when 199581 is divided by 336.
333
What is the remainder when 1468 is divided by 57?
43
Calculate the remainder when 44031 is divided by 66.
9
What is the remainder when 4285 is divided by 60?
25
Calculate the remainder when 20558 is divided by 138.
134
What is the remainder when 505 is divided by 304?
201
Calculate the remainder when 4279 is divided by 182.
93
Calculate the remainder when 4569 is divided by 3011.
1558
Calculate the remainder when 7131 is divided by 6.
3
What is the remainder when 283855 is divided by 226?
225
What is the remainder when 1143 is divided by 181?
57
Calculate the remainder when 1773 is divided by 833.
107
Calculate the remainder when 482235 is divided by 219.
216
What is the remainder when 79670 is divided by 15929?
25
Calculate the remainder when 8888 is divided by 211.
26
What is the remainder when 14532 is divided by 54?
6
What is the remainder when 35775 is divided by 9?
0
What is the remainder when 9617 is divided by 4425?
767
Calculate the remainder when 2640 is divided by 698.
546
Calculate the remainder when 49837 is divided by 89.
86
What is the remainder when 138623 is divided by 361?
360
Calculate the remainder when 2122 is divided by 376.
242
Calculate the remainder when 11432 is divided by 1461.
1205
Calculate the remainder when 112587 is divided by 101.
73
Calculate the remainder when 12476 is divided by 240.
236
Calculate the remainder when 31979 is divided by 1000.
979
What is the remainder when 211479 is divided by 5420?
99
What is the remainder when 6776 is divided by 6775?
1
What is the remainder when 6038318 is divided by 80?
78
What is the remainder when 27772 is divided by 209?
184
Calculate the remainder when 27948 is divided by 65.
63
Calculate the remainder when 2099 is divided by 365.
274
What is the remainder when 10663 is divided by 10661?
2
What is the remainder when 117 is divided by 5?
2
Calculate the remainder when 463 is divided by 179.
105
What is the remainder when 9034 is divided by 2970?
124
Calculate the remainder when 3719 is divided by 149.
143
Calculate the remainder when 8966 is divided by 790.
276
Calculate the remainder when 747 is divided by 116.
51
What is the remainder when 11859 is divided by 341?
265
Calculate the remainder when 141094 is divided by 197.
42
What is the remainder when 29585 is divided by 291?
194
What is the remainder when 235619 is divided by 153?
152
Calculate the remainder when 48077 is divided by 39.
29
Calculate the remainder when 92256 is divided by 30683.
207
Calculate the remainder when 160556 is divided by 80274.
8
What is the remainder when 24318 is divided by 579?
0
What is the remainder when 4560 is divided by 169?
166
Calculate the remainder when 892 is divided by 150.
142
What is the remainder when 13479 is divided by 901?
865
What is the remainder when 8706 is divided by 